 divisor of t and m?
11
Let o = -16 + 30. Let n = -174 - -244. Calculate the greatest common factor of n and o.
14
Let v = 11 + -5. Let y(k) = -2*k**2 + 8*k - 1. Let i be y(v). Let h = -17 - i. What is the greatest common factor of h and 12?
4
Let d = -16 - -25. Suppose 0 = -z, -u + 3 - 1 = 4*z. Suppose u*s - 3*x = 2*x + 92, -192 = -5*s + 3*x. What is the greatest common divisor of d and s?
9
Let q(c) = -4*c - 1. Let s be q(-3). Let t be (-4)/((-4)/87) + 1. What is the highest common factor of t and s?
11
Suppose h - 9 = -2*h. Suppose -4*s + 2*s = -5*v - 142, s + h*v - 60 = 0. Calculate the highest common factor of s and 6.
6
Let i = 5 - 11. Let y(f) = f**2 + 5*f + 9. Let j be y(i). Calculate the greatest common divisor of j and 30.
15
Let p = -70 - -116. Suppose -4*i + k + 271 = 0, 5*i - 2*k = -0*i + 335. Calculate the highest common divisor of i and p.
23
Suppose 0 = 2*c - 0*c - 14. Calculate the highest common divisor of c and 35.
7
Suppose -m + 8 = -6. Calculate the highest common divisor of 2 and m.
2
Suppose -5*t = -16 - 9. Suppose -x - 3*w - 3 = 1, 3*w - 4 = -t*x. Let d = -1 - -3. Calculate the greatest common factor of d and x.
2
Suppose 0 = 8*c - 4*c + 4. Let r = c - -5. What is the greatest common factor of 1 and r?
1
Let g be ((-6)/4)/((-6)/168). Suppose 0 = 2*x, -2*y - 4*x = -y - g. What is the highest common divisor of 21 and y?
21
Suppose -258 = -2*q + 142. Calculate the highest common factor of q and 25.
25
Suppose 0 = -21*g + 16*g + 1400. Calculate the highest common factor of g and 40.
40
Let c be (-4 + 0)*(3 - 4). Let a = -13 + 18. Suppose 26 = a*w - c*w. What is the greatest common divisor of w and 39?
13
Suppose 16*n = 11*n + 150. What is the greatest common factor of n and 45?
15
Suppose 4*n + 1 - 5 = 0. Suppose 3*w - 3*c = 18, w = 4*w - 4*c - 22. Let u = w + n. What is the highest common divisor of 27 and u?
3
Suppose -2*h - 4 = 3*m - 4*h, 0 = 2*m + 4*h - 8. Let d = -67 - -67. Suppose m*p + 5*p - 90 = d. What is the greatest common divisor of 6 and p?
6
Suppose -77 = -c - 66. What is the greatest common divisor of c and 1?
1
Suppose -3*j = -5*j + 30. Suppose -j - 5 = -4*a, -3*g = -4*a - 22. What is the highest common factor of g and 154?
14
Suppose 3*g - 23 = -4*q - 0, -4*g = 5*q - 29. Suppose -11 = -4*o + g. Let h be (2/o)/((-4)/(-840)). Calculate the greatest common factor of h and 20.
20
Suppose 5*j + 2*q - 62 - 98 = 0, -4*j = -3*q - 105. Let r be (-62)/(-4) - 1/2. Calculate the highest common divisor of j and r.
15
Suppose -s + 6*s - 100 = 0. Suppose -4*j + 5*q + s = 0, 0*q = 3*q. Suppose -2*n + 19 = -j. Calculate the greatest common divisor of 132 and n.
12
Let n be (-1)/2*-2 + 2. Suppose -n*m = 2*m - 80. Let r(u) = 9*u - 12. Let w be r(4). Calculate the highest common divisor of m and w.
8
Suppose -z + 252 = 3*z. What is the greatest common divisor of 9 and z?
9
Let l be ((-81)/(-3))/((-3)/(-2)). Let z be (6*12/16)/((-2)/(-8)). What is the highest common factor of z and l?
18
Let v(o) be the first derivative of -o**3/3 + 3*o**2/2 + 3. Let b be v(3). Suppose 0 = -b*i + 4*i - 88. What is the highest common divisor of i and 2?
2
Suppose -157 = -4*b - b + y, 105 = 3*b + 3*y. What is the greatest common factor of 8 and b?
8
Suppose 7*q - 4 = 6*q. What is the greatest common factor of 20 and q?
4
Suppose u - 106 + 11 = 5*h, 0 = 2*u + 3*h - 151. Let f = -15 + 16. Let t = f - -15. What is the highest common divisor of u and t?
16
Let w = -2 + 2. Suppose -2*c + 4*r = -w*c - 18, -2*c + 3*r = -19. What is the greatest common divisor of c and 88?
11
Suppose 2*c = -4*f + 68, c + f + 126 = 6*c. Calculate the highest common factor of 52 and c.
26
Let n(a) = -a + 4. Let h be n(-4). Let o(v) = 3*v**2 + 3*v - 2. Let b be o(-2). What is the greatest common divisor of b and h?
4
Let t be (-1 + 2)*-3 - (-5 + -28). What is the highest common factor of 12 and t?
6
Suppose -46 = -2*n - 2*g - 0*g, 0 = -5*g - 10. Suppose 5*k + 6 = 16. Suppose 2*i - 8 = k. Calculate the greatest common factor of i and n.
5
Let m = -114 - -163. What is the greatest common divisor of 7 and m?
7
Let y be ((-9)/4)/((-2)/24). What is the greatest common factor of 18 and y?
9
Let r(b) = -b**2 + 7*b + 21. Let c be r(9). Calculate the highest common divisor of c and 33.
3
Let x = -12 - -11. Let d = 7 - x. What is the greatest common divisor of 72 and d?
8
Let i = -117 - 89. Let c be i/(-10) - 4/(-10). Calculate the highest common factor of 7 and c.
7
Let y(s) = -s**3 + 5*s**2 + s + 2. Let i be y(5). Let m(c) = c**3 - 8*c**2 + 8*c + 4. Let z be m(i). Calculate the greatest common factor of z and 11.
11
Let d be (-6)/33 + 180/22. Suppose x - d + 1 = 0. Let w = -1 + 2. What is the greatest common factor of x and w?
1
Let q be (12 + -9)*26/3. Let d = -12 + q. What is the greatest common divisor of d and 98?
14
Suppose 16 - 64 = -4*k. Calculate the highest common divisor of 3 and k.
3
Let q(v) = v**3 - v**2 + 1. Let k be q(0). Calculate the greatest common factor of k and 3.
1
Let l = -110 + 164. Suppose 3*g - 4*g + l = 0. What is the highest common divisor of g and 9?
9
Suppose -3*d + 0*d - 12 = 3*w, -3*w - 14 = 2*d. Let x = 0 - w. Suppose 3*q + x - 78 = 0. Calculate the highest common divisor of 8 and q.
8
Suppose -2*a = -0*a + 26. Let f = 23 + a. Suppose -2*r + 4*v - v = -177, 0 = -2*r + 4*v + 176. What is the highest common factor of r and f?
10
Let q be 20*1 + -2 + 2. Let b = 8 + -2. Suppose -n - q = -b*n. What is the greatest common factor of 8 and n?
4
Let y(r) = r + 2*r + 3*r + 1 - 7. Let g be y(8). Calculate the highest common factor of g and 6.
6
Suppose 3*z + 3*d + 18 = 0, -2*z - 4*d = z + 13. Let c be (0 + z)/(2/(-4)). Suppose 0 = 3*v - 6*v + 6. What is the highest common divisor of c and v?
2
Let j = 17 + -7. What is the greatest common factor of j and 110?
10
Suppose -z = -4 + 2. Suppose -5*d - 4*o + 206 = 0, z*d + 5*o - 121 = -d. Calculate the greatest common factor of 14 and d.
14
Suppose 5*s - s + 10 = 2*i, 5*s + i = 5. Suppose q + 4*q = s. Let a = q + 20. What is the greatest common divisor of a and 40?
20
Let x(g) = -g**3 - 2*g**2 + g - 4. Let i be x(-4). Let z(d) = -d + 264. Let u be z(0). What is the greatest common divisor of i and u?
24
Let l = -9 + 19. What is the greatest common divisor of 2 and l?
2
Let m(n) = 2*n + n**2 - 6*n + n - 1 + n + n**3. Let o be m(2). What is the highest common factor of o and 35?
7
Suppose -c = 5*a - 2*c + 10, -4*a = -5*c + 29. Let l be (a + -1)/(-2) - -3. What is the highest common divisor of l and 36?
4
Suppose 7 + 1 = 2*j. Suppose 3*m = j*n + 158, 4*m = 2*n + 253 - 39. What is the greatest common factor of 9 and m?
9
Let n be 4*(3 - 10/4). Suppose n*s + 0 - 8 = 0. What is the highest common divisor of s and 6?
2
Let i(l) = l**2 + 3*l - 2. Let c be 2*(-2)/4 - -1. Suppose c - 4 = -2*q. Let m be i(q). What is the highest common divisor of 88 and m?
8
Suppose 0 = 4*j - j - 54. Suppose -5*i - 2*h = -6*h + 1098, 0 = 5*i - 2*h + 1104. Let o = -96 - i. What is the highest common divisor of o and j?
18
Let k be (-210)/(-4) - 4/8. Let d = -27 + 53. What is the highest common divisor of d and k?
26
Let s(r) = -2*r + 0 - 4*r - 9 + 4*r. Let d be s(-6). Suppose 3*a + 4*y - 14 = 5, d*a - 64 = 5*y. Calculate the highest common factor of 117 and a.
13
Let x = 44 + -29. Let q(c) = 2 + 23 - c**2 - 4 + x + c. Let s be q(0). What is the greatest common divisor of 18 and s?
18
Suppose -t + 22 = -3*n, 53 - 9 = 2*t + 5*n. What is the highest common factor of 242 and t?
22
Let s be (0 - -3)/(5/15). What is the highest common divisor of s and 18?
9
Suppose -n = -15 - 13. What is the highest common factor of n and 7?
7
Suppose 5 = 2*f - 3. Calculate the highest common factor of 28 and f.
4
Let j(c) = -49*c + 1. Let a be j(-1). Let d be (-79)/(-4) + 8/32. What is the greatest common factor of d and a?
10
Let o(u) = -u**3 + 12*u**2 + 2*u - 21. Let i be o(12). What is the highest common divisor of i and 9?
3
Let u be 0/(2/(2 + 0)). Let o = u - -19. What is the greatest common divisor of 19 and o?
19
Let s(z) = z**2 - 4*z - 8. Let n be s(-12). Calculate the greatest common factor of n and 23.
23
Suppose -12 - 14 = x. Let m = -11 - x. What is the greatest common factor of 3 and m?
3
Let s be (-3)/((-3)/4*2). Suppose v = -4*r + 23, -27 = -v - 